*u, -5*u + 4*o + 31 = 0. Suppose u*c + 2152 = 2*g, 7*c - 16 = 11*c. What are the prime factors of g?
2, 5, 107
Let z(d) be the first derivative of 7*d**2/2 - 39*d + 14. Let b = 156 - 130. List the prime factors of z(b).
11, 13
Suppose 2302*c = 2308*c - 234. List the prime factors of c.
3, 13
Let d(s) = 5*s - 54 - s**2 + s**3 + 55 + s**2. Let w be d(5). Let r = 236 - w. List the prime factors of r.
5, 17
Let b = -8164 - -8538. What are the prime factors of b?
2, 11, 17
Let x be (-62)/(-14) + (-114)/266. Suppose 0 = -5*s - 5, x*s = 23*m - 27*m + 12. List the prime factors of m.
2
Suppose 69*i - 87*i + 18198 = 0. List the prime factors of i.
3, 337
Suppose 9064 = -28*f + 6*f. Let j = f + 769. List the prime factors of j.
3, 7, 17
Let z(u) = u**2 - 25*u + 135. Let o be z(17). Let s(h) = 137*h**2 + 3*h + 2. List the prime factors of s(o).
2, 17
Let g(r) = -r**2 - 8*r - 13. Let k be g(-5). Suppose 0 = -k*t + 2*z + 1 + 11, -5*t + 23 = 2*z. Suppose 26 = t*a - 74. List the prime factors of a.
2, 5
Let w be -2*(-771)/(-42) - (-2)/(-7). Let f be (-13 - -8) + (w - 2). What are the prime factors of -70*(f/20 - 1)?
2, 7
Suppose -18 = -4*m - 2. Suppose f + 455 = 2*f - k, f - m*k - 452 = 0. Suppose -2*x + f = 3*i, 4*i - x = -2*x + 613. List the prime factors of i.
2, 7, 11
Suppose -3*y - 18 = 3*z, -y = 3*z - 0*y + 12. Let q be (2/z)/(3/27). What are the prime factors of (3/q)/((-3)/192)?
2
Let t be (-5 + 119/14)/(2/(-292)). Let s = t + 753. List the prime factors of s.
2, 11
Let n = 431 + -234. Let a = n + 50. List the prime factors of a.
13, 19
Suppose -5*t = 2*d - 28471, 17*d - 14*d + 4*t = 42731. List the prime factors of d.
3, 4751
Let t(a) = 8*a**2 - 24*a - 10. Suppose 6*x + 97 = 151. List the prime factors of t(x).
2, 211
Suppose -3*x = 2*s - 1200, -x - 5*s = -244 - 143. Let h = x + -27. List the prime factors of h.
3, 5
Let g be (-2)/(-6) - (-950)/3. Suppose 2491 + 3710 = 53*c. Let p = g - c. What are the prime factors of p?
2, 5
Suppose -9*b = 91 - 1. Let o be 95 + -1 + (1 - 0). Let y = o - b. What are the prime factors of y?
3, 5, 7
Suppose -56*t + 57*t = 3143. What are the prime factors of t?
7, 449
Let n be 1 + (-12)/4 + -53. List the prime factors of (-24590)/n + 4/(-44).
3, 149
Let c(l) = 24*l**3 + l**2 - 7*l - 8. Let b be 3 - (-3)/(-15)*0. What are the prime factors of c(b)?
2, 157
Suppose 75*d + 46*d - 56*d - 1650090 = 0. List the prime factors of d.
2, 3, 4231
Let j be 198/120*4 - 18/(-45). Let d(r) = -8 - 14*r - 7*r**2 + 49 - 2*r**3 + 4*r**3. List the prime factors of d(j).
2, 11, 13
Let u = -415 - -411. List the prime factors of 105/9*(-30)/u*6.
3, 5, 7
Suppose -6*j = -6*j + 10*j - 151250. List the prime factors of j.
5, 11
Let x(i) = 5*i**2 + i + 1. Let c be x(-1). Suppose -c*j - 81 + 376 = 0. Suppose -3*s = -j - 40. What are the prime factors of s?
3, 11
Let q(w) = w**2 - 12*w - 16. Let s be q(13). Let y be 4*((-10)/5 + s). What are the prime factors of (-813)/(-5) + ((-16)/y)/2?
163
Let p be 4 + (-3012)/(-6) + -5. Suppose 3*a - 2*a = 4*w - 1949, -w + p = -3*a. What are the prime factors of w?
2, 3
Let f be (-32)/48 - (-905)/3 - 4. Let n = -90 + f. What are the prime factors of n?
3, 23
Let y be 16/96 + (-2 - 44794/(-12)). Let l = y + -2536. What are the prime factors of l?
5, 239
Suppose 445 = -47*j + 116. Let x(p) = p**2 - 26*p - 195. What are the prime factors of x(j)?
2, 3
Suppose 134 + 8344 = 9*n. Suppose 0 = -5*c - 10, 2*g + 2*c + n = 4*g. Suppose -3*m - 12 = 0, 0*y = 3*y - m - g. What are the prime factors of y?
5, 31
Suppose 9 + 1 = 2*h. Suppose h*y + 3 = 5*i + 8, 0 = 2*y + 5*i - 9. Suppose 132 = y*f - 0*f. What are the prime factors of f?
2, 3, 11
Suppose 161*a = -51*a + 608652. What are the prime factors of a?
3, 11, 29
Suppose k + n - 1396 - 6995 = 0, -2*k = 3*n - 16777. What are the prime factors of k?
2, 2099
Let k = -241 + 255. Suppose 4279 = k*s - 1517. What are the prime factors of s?
2, 3, 23
Suppose 0*x - 2*x + 770 = 0. Suppose 0 = -3*j - 2*j + x. Suppose 0 = 9*s - 8*s - j. List the prime factors of s.
7, 11
Let a = 58985 + -20332. What are the prime factors of a?
38653
Let q(m) = -m**3 - 78*m**2 + 65*m - 1494. What are the prime factors of q(-83)?
2, 83
Let h be 4*(-1)/((-8)/(-322)). Suppose -4*x - 5*j + 53 = -4*j, 0 = x - 2*j - 20. What are the prime factors of 8/x*(-7)/(-2) - h?
163
Suppose 28*q = 2*p + 23*q - 25, p - 2*q = 14. Let i(f) = 6*f**2 - f - 1. Let j be i(-2). Suppose h = p + j. List the prime factors of h.
3, 5
Let v be 29/2*-22 + 0. Let w = 355 + v. List the prime factors of w.
2, 3
Let w be 162/(-39) - (-4)/26 - 3. What are the prime factors of (-2)/(-1) - 6 - (-35 + w)?
2, 19
Let l = 7795 + -823. List the prime factors of l.
2, 3, 7, 83
List the prime factors of 5/((-400)/(-4540))*(201 + -1).
2, 5, 227
Suppose -12*m - 16 = -4. List the prime factors of (731/34)/(m/(-34))*1.
17, 43
Suppose z - 6*o = -10*o - 103, -480 = 4*z - o. Let a = z - -570. What are the prime factors of a?
11, 41
Let u(y) = 4*y**2 + y - 3. Let m be u(-2). Suppose 4 + m = 3*q. Suppose 366 = q*r - 2*r. List the prime factors of r.
2, 61
Let g = -674 - -1149. Let r = -229 + g. List the prime factors of r.
2, 3, 41
Let b(d) = -3*d + 5. Let m(n) = -7*n + 9. Let w(q) = 5*b(q) - 2*m(q). Let x be w(3). List the prime factors of ((-2)/x)/((-8)/1424).
89
Let s = 137 - 132. Suppose 3*l - 2*y = -6*y + 4385, -s*l + y + 7270 = 0. What are the prime factors of l?
3, 5, 97
Suppose -4*a - 4*k = -6*a - 1922, 2*a + 2*k + 1898 = 0. Let p = -123 - a. What are the prime factors of p?
2, 5, 83
Suppose 0 = -5*g + 4*v - 102, -2*v + 92 = -4*g - 4*v. Let x = g + 20. What are the prime factors of 102 + (-2 - (-2)/2)*x?
2, 13
Let v be (0 + -5 + 3)*-17. Suppose 0 = -2*t - 6*d + 2*d + 28, -4*d = 3*t - v. What are the prime factors of -2*(-26)/8*t?
3, 13
Let f = -24 + 28. Suppose 0 = 3*d + f*u + 30, 5*u = d + d - 3. Let v(r) = -13*r + 18. List the prime factors of v(d).
2, 3
Let l(z) = 7*z**3 + 3*z**2 - 7*z + 5. Let w be l(-4). Let d = 545 + w. What are the prime factors of d?
2, 89
Let b be 18/(-8) + 2 + (-810)/(-40). Suppose -b = -2*o + 26. Suppose -21*x = -o*x + 202. What are the prime factors of x?
101
Let n(p) = -p**3 + 13*p**2 - 9*p - 34. Let a = -37 + 48. Let h(r) = -r**3 + 11*r**2 + 11. Let l be h(a). What are the prime factors of n(l)?
109
Let p be -5 + 6 + (-6)/(-2). Suppose 1 = -p*b + 9, -4*f + 5*b = -1446. What are the prime factors of f?
2, 7, 13
Let s(f) = -f**3 - 2*f**2 - 11*f + 10. Let w be s(7). Let m = -163 - w. Let k = m + -214. List the prime factors of k.
131
Suppose 688 = 11*h - 7*h. Let p = 361 + h. What are the prime factors of p?
13, 41
What are the prime factors of (111945/30)/((-2)/(-4))?
17, 439
Let f(o) = -4870*o + 3462. List the prime factors of f(-4).
2, 11471
Suppose -13*f + 15*f = -2164. Let m = -375 - f. What are the prime factors of m?
7, 101
Suppose 4*b - 14 = 2*b - 2*m, -12 = -b - 2*m. Let n be 0/(b - 3) + (-201)/(-1). Let w = -144 + n. List the prime factors of w.
3, 19
Suppose -4*c = -0*c + 5*n - 21065, -4*c = -3*n - 21025. What are the prime factors of c?
2, 5, 263
Let o(s) = -8*s**3 - 60*s**2 + 10*s - 7. Let w be (-64)/6 - -3 - 2/6. What are the prime factors of o(w)?
13
List the prime factors of -4 + ((-3512)/24)/(2/(-54)).
3947
Suppose 0 = -9*k + k + 24. Suppose -5*t - 2 = 3*y, 5*t = y - k*y - 8. Suppose 412 + 272 = y*l. What are the prime factors of l?
2, 3, 19
Suppose 16 = 10*i + 46. List the prime factors of (-18 - -17)/((i/293)/3).
293
Suppose 5*r = -4*r + 972. Suppose 103*g - r*g = 20. What are the prime factors of 5128/32 - (7/g - -2)?
2, 5
Let v = 4875 + -365. List the prime factors of v.
2, 5, 11, 41
Let j(a) = 44*a**2 + 24*a + 386. What are the prime factors of j(-9)?
2, 1867
Suppose -3*l + k - 5 = 0, 5*k - 10 - 4 = 4*l. Let q be (-110)/(-11) - 2/l. What are the prime factors of (-3 + 0)*(-4 - q - -3)?
3, 13
Suppose 10*i - 2*i = i. Suppose -4*b + 6*b - 558 = 3*g, -4*b + 4*g + 1124 = i. What are the prime factors of b?
3, 5, 19
Let a = 16 - 15. Let s be a*4/(-8)*53*-2. Suppose 4*b - 74 = 2*m, 3*b + b - s = -5*m. What are the prime factors of b?
17
Suppose -5*s = 3*n + 22, 3*s + 1 = -3*n - 11. Let b(v) = 22*v**2 + 7*v + 24. List the prime factors of b(s).
7, 11
Let q(j) = -4*j + 16. Let n(s) = 2*s**2 - 20*s + 50